he tens digit of j?
1
Suppose -3*d = -5*m + 58 + 32, -2*m + 35 = -d. What is the tens digit of m?
1
Suppose 4*g + 44 = d, 8 = -4*g - 0. What is the tens digit of d?
3
Let j(u) = -u**3 - 8*u**2 + 11*u + 4. Let d be j(-9). Let l = -6 - d. What is the units digit of l?
8
Let x = 72 - 69. Let m = -9 + 19. Let w = m - x. What is the units digit of w?
7
Suppose -881 = -3*t + 1087. What is the units digit of 2/15 - t/(-30)?
2
What is the tens digit of -6 + (-5358)/(-54) + 4/(-18)?
9
Let t(y) = -y**2 + 23*y - 18. What is the hundreds digit of t(11)?
1
Suppose -3*q = -0*q - 12. Suppose 2*a = -2 + q. What is the units digit of a/(2/(2/1))?
1
Suppose -4*i + 0 = -4. Suppose 0 = 3*u - 10 + i. What is the units digit of u?
3
Let n = 3 - -4. What is the units digit of n?
7
Suppose 0 = -5*y - 5*x + 20, 0 = 3*x - 2 - 13. Let p be -3 + 0 + (y - -9). Let a(l) = l**3 - 5*l**2 + 2*l + 3. What is the units digit of a(p)?
3
Let l be (-6 + 0)*(5 + -10). Suppose -5*u + 40 + l = 0. Suppose -u = -a - 4. What is the tens digit of a?
1
Suppose -3*j = 2*b - 1 - 57, -5*b + j + 111 = 0. Suppose 0 = n + 4 - b. What is the units digit of n?
9
Suppose -4 + 0 = -y. Suppose -2*k - 27 = -y*r + 41, r + 2*k = 12. What is the tens digit of r?
1
Suppose -3*k + k = 0. Suppose -y = -k*y - 9. Suppose 3*z + 1 = q, -4*z + y*z - 17 = -q. What is the units digit of q?
7
Let j(o) = o**3 + o + 43. What is the tens digit of j(0)?
4
What is the units digit of 1107/12 - 2/8?
2
Suppose -2*s - 2*a - 1 = -5, 10 = -s - 4*a. Let p be s/(-18) - 2/3. What is the units digit of (-4)/p - (-2 + 2)?
4
Let n be (-48)/9 + 2/6. Let v be (5 + n)/((-1)/(-1)). Suppose v = -i + 3*i - 6. What is the units digit of i?
3
Suppose -2*i + 423 = 3*g, 6*i + 4*g - 848 = 2*i. What is the tens digit of i?
1
Suppose 4*g + 3*b = -0*b + 9, 2*g - b = 17. Let s(m) = m**3 - 7*m**2 + 5*m - 4. Let f be s(g). Let j = f + 19. What is the units digit of j?
9
Suppose 0*l = -l + 22. What is the units digit of l?
2
Suppose -98 = -4*b + 26. Suppose -4*d - 4*h = -60, h + 10 + b = 3*d. What is the tens digit of d?
1
Let o = 55 - 6. What is the units digit of o?
9
Let t(q) = 3*q - q**3 - 2*q - 5*q**2 + 2*q - 7. What is the tens digit of t(-6)?
1
Suppose 7 = -3*j + 1. Suppose 2*y + p = 6, -6 - 4 = -5*y - 5*p. Let d = y + j. What is the units digit of d?
2
Suppose 0 = -x + 2. Suppose -x*w = -4*w + 28. What is the units digit of w?
4
Suppose 2*z - 6 = 2*v, 4*v + 27 + 3 = -5*z. Let i = 0 - z. Let w = 3 + i. What is the units digit of w?
5
Let o(f) be the second derivative of -f**3/6 - 2*f**2 - 3*f. Let t be o(-6). What is the units digit of 13/t + 1/2?
7
Suppose 0 = 2*g - 5*i + 45, 0*g = g + 3*i + 6. What is the units digit of (-114)/g + (-2)/(-5)?
8
Suppose -300 = g - 6*g. Suppose 6*o + g = o. Let s = -5 - o. What is the units digit of s?
7
Suppose 18*d - 3157 = -475. What is the hundreds digit of d?
1
Suppose -2*c = 2*c - 12. Let r(o) = 2*o**2 + 4 + o + 0*o**3 - 3*o**2 + 4*o**2 - o**3. What is the units digit of r(c)?
7
Let z(v) = -v**2 + 3*v + 4. Let o be z(3). Let m(s) = -2*s - s + o*s + 1. What is the units digit of m(3)?
4
Let f(s) = -s**3 + 4*s**2 + 2*s - 5. Let j be f(4). Suppose -j*i + 56 = i. What is the units digit of i?
4
Let l(d) = 116*d**2 - 2*d + 1. What is the tens digit of l(1)?
1
Suppose -3 - 18 = -3*w. Suppose -84 = -4*i + 3*p, w*i - 4*p = 2*i + 106. What is the tens digit of i?
1
Suppose 9 = 7*x - 4*x. Let l(w) = w + 7. Let i be l(-7). Suppose 4*v - u - 32 = i, -2*v + 5 - x = -4*u. What is the units digit of v?
9
Suppose s = -2 + 1. Let y = -72 + 27. What is the units digit of ((-36)/y)/(s/(-5))?
4
Suppose 2*t = -6 - 0. Let h be (t + -32 + 1)*-1. Suppose 0 = 3*p + 7 - h. What is the units digit of p?
9
Let r(p) = 2*p**2 - 3*p + 3. Let l = 11 - 8. Let d be (0 - (2 - 2)) + l. What is the units digit of r(d)?
2
Suppose 511 = 6*l - 83. What is the tens digit of l?
9
Suppose 5*j - 45 + 5 = 0. Let n = j - -3. What is the units digit of n?
1
Let c(v) = -7*v - 7. What is the tens digit of c(-6)?
3
Suppose -3 = b - y - 1, -8 = -4*b - 4*y. Let n(k) = -k**2 - k + 5. What is the units digit of n(b)?
5
Let l be (24/10)/(3/20). Suppose b - 11 = l. What is the units digit of b?
7
Suppose 0 = 11*x - 14*x + 225. What is the units digit of x?
5
Let s = 32 - -101. What is the hundreds digit of s?
1
What is the units digit of 9 - -1 - (-13 + 13)?
0
Suppose 8 = -m - 4*h, 3*m - 2*h - 2 - 16 = 0. Suppose -34 = -4*j - 2*p, m*j - 53 = j + 4*p. What is the units digit of j?
1
Let p(x) = -x + 1. Suppose -3 = -3*t + 3*u + 3, t - 3*u = 6. What is the units digit of p(t)?
1
Let s = 65 + -16. Suppose -5*k - 37 = -4*q, -5*q + q = -k - s. What is the tens digit of q?
1
Suppose -4*t = 3*v + t - 7, 2*t + 14 = 3*v. Suppose -v*c + 25 = c. What is the units digit of c?
5
Let z(d) = -1. Let a(j) = j. Let m(r) = a(r) - 4*z(r). Let b be m(0). Suppose -50 = -b*t - 6. What is the units digit of t?
1
Suppose 2*h - 3*h = 2. Let c be 2*3/h - -6. Suppose -2*v + 4*v - 19 = -c*l, -2*l = 4*v - 50. What is the tens digit of v?
1
Let b(z) = -3*z. Let a be b(-1). Suppose p - 6 = -2. Suppose -p*m = 5*n - 50, a*n + 4*m - 6*m = 8. What is the units digit of n?
6
Let u be ((-8)/12)/(2/(-90)). Let n(q) = 6*q - 3. Let p be n(-3). Let s = p + u. What is the units digit of s?
9
Suppose -d = 23 + 17. Let m = -15 + 17. What is the tens digit of ((-3)/m)/(4/d)?
1
Let d(h) = -h + 11. What is the units digit of d(8)?
3
Let g = 10 + 36. Let b = -33 + g. What is the units digit of b?
3
Let z(t) = -t + 1. Let h(k) = 9*k - 1. Let g(q) = -h(q) - 2*z(q). Let l be g(1). Let s(b) = b**2 + 7*b - 7. What is the units digit of s(l)?
1
Let j = -23 + 1. Let z = 36 + j. What is the units digit of 4/z - 57/(-21)?
3
What is the tens digit of (-12)/78 + (-446)/(-26)?
1
Let b be ((-3)/2)/((-1)/2). Suppose 5*l - 56 = b*l. What is the units digit of l?
8
Let i(o) = 7*o - 4. Let v(u) = 4*u - 2. Let r(w) = 3*i(w) - 5*v(w). Let h be r(2). Suppose -t + 9 - 2 = h. What is the units digit of t?
7
Let s = 9 + 7. What is the units digit of s?
6
What is the units digit of 21/14*(-2 - 16*-4)?
3
Suppose d = 4*c + 4*d - 120, -2*c + 74 = -2*d. What is the units digit of c?
3
Let m(i) = -i + 7. Let t(x) = 11*x - 47. Let o(f) = 5*f - 23. Let u(d) = 5*o(d) - 2*t(d). Let p(q) = 7*m(q) + 2*u(q). What is the units digit of p(0)?
7
Suppose -2 = 5*n - 32. Suppose -r = -3*j - n, 2*r - 16 = 8*j - 4*j. What is the tens digit of r?
1
Let q(b) = b**3 - 4*b**2 + b - 2. Let y be q(4). Suppose -5*p + 83 - 3 = y*z, 4*p - 3*z = 64. What is the units digit of p?
6
Let c(i) be the second derivative of -i**5/20 - 3*i**4/4 - 5*i**3/3 - 5*i**2 - 2*i. What is the units digit of c(-8)?
6
Let o(k) = 9*k**3 + 5*k**2 - 4*k + 4. Let l(x) = 28*x**3 + 14*x**2 - 11*x + 11. Let p(f) = -4*l(f) + 11*o(f). What is the units digit of p(-1)?
2
Let n(u) = u**3 + 6*u**2 - u - 2. What is the tens digit of n(-5)?
2
Let d = 0 + 3. Let o = 4 - d. Suppose j + 3*j - 8 = 5*u, -5*u = -3*j + o. What is the units digit of j?
7
Let c(h) = -2*h + 5. Let u be c(6). Let o = -4 - u. What is the units digit of o?
3
Let q(h) = 2*h**3 - 5*h**2 - 3*h + 4. Let a(n) = -n**3 + 6*n**2 + 4*n - 4. Let l(z) = 3*a(z) + 2*q(z). What is the units digit of l(-7)?
3
Let t = -52 + 74. What is the tens digit of t?
2
Let u(o) = -o**2 + 4*o + 4. Let p be u(4). Let i be 44/8 + (-2)/4. Suppose i*n - 22 = p*g, g + 14 = 4*n - g. What is the units digit of n?
2
Suppose 5*l = 4*f + 2 + 1, 0 = -5*f + 3*l + 6. Let y(v) = 2*v - 2. Let m be y(f). Suppose -m*x - x = -20. What is the units digit of x?
4
Let l(w) be the first derivative of 2*w**2 - 4*w - 2. What is the units digit of l(4)?
2
Suppose 0 = -0*h - 3*h - 2*k + 121, 2*h - 106 = 5*k. What is the units digit of h?
3
Let o be 2/(-7) + 6/21. Let p = 2 - o. Suppose -2*f = -f - p. What is the units digit of f?
2
Suppose 0*d - 4 = -d. Let r(i) = 2*i - 5. What is the units digit of r(d)?
3
What is the units digit of 90/27*816/10?
2
Let s be ((-48)/(-15))/((-12)/(-30)). Suppose 9*t - s*t = 48. What is the units digit of t?
8
Let c = 8 - 4. What is the tens digit of (-730)/(-15) + c/12?
4
Suppose 2*t - 4*c + 2 = 0, 2*t - 2*c - 13 = -c. What is the units digit of t?
9
Let q(j) = 10*j - 6. Let d be q(6). Suppose d = 4*w + 5*p, -w + 3 + 0 = -4*p. What is th